4 is divided by 45?
44
Calculate the remainder when 723 is divided by 71.
13
Calculate the remainder when 3221 is divided by 6.
5
What is the remainder when 949 is divided by 68?
65
Calculate the remainder when 289 is divided by 103.
83
Calculate the remainder when 7167 is divided by 175.
167
What is the remainder when 333 is divided by 67?
65
Calculate the remainder when 11314 is divided by 10.
4
What is the remainder when 555 is divided by 31?
28
Calculate the remainder when 988 is divided by 127.
99
Calculate the remainder when 4370 is divided by 242.
14
What is the remainder when 484 is divided by 99?
88
Calculate the remainder when 153 is divided by 61.
31
Calculate the remainder when 730 is divided by 358.
14
Calculate the remainder when 290 is divided by 14.
10
What is the remainder when 176 is divided by 27?
14
What is the remainder when 579 is divided by 65?
59
What is the remainder when 276 is divided by 40?
36
Calculate the remainder when 131 is divided by 6.
5
What is the remainder when 25194 is divided by 319?
312
Calculate the remainder when 1099 is divided by 19.
16
Calculate the remainder when 5931 is divided by 132.
123
What is the remainder when 238 is divided by 48?
46
What is the remainder when 699 is divided by 210?
69
Calculate the remainder when 811 is divided by 51.
46
Calculate the remainder when 533 is divided by 107.
105
What is the remainder when 117 is divided by 35?
12
Calculate the remainder when 86 is divided by 30.
26
Calculate the remainder when 153 is divided by 69.
15
Calculate the remainder when 1185 is divided by 197.
3
Calculate the remainder when 811 is divided by 32.
11
Calculate the remainder when 159 is divided by 57.
45
Calculate the remainder when 155 is divided by 26.
25
What is the remainder when 156 is divided by 147?
9
What is the remainder when 55 is divided by 46?
9
Calculate the remainder when 1376 is divided by 51.
50
Calculate the remainder when 1406 is divided by 468.
2
What is the remainder when 209 is divided by 36?
29
Calculate the remainder when 15427 is divided by 133.
132
What is the remainder when 825 is divided by 7?
6
What is the remainder when 127 is divided by 69?
58
Calculate the remainder when 468 is divided by 34.
26
Calculate the remainder when 509 is divided by 115.
49
Calculate the remainder when 429 is divided by 411.
18
Calculate the remainder when 234 is divided by 14.
10
What is the remainder when 373 is divided by 111?
40
Calculate the remainder when 106 is divided by 41.
24
What is the remainder when 440 is divided by 83?
25
What is the remainder when 1434 is divided by 5?
4
Calculate the remainder when 2134 is divided by 4.
2
What is the remainder when 650 is divided by 159?
14
Calculate the remainder when 94 is divided by 5.
4
Calculate the remainder when 310 is divided by 27.
13
Calculate the remainder when 283 is divided by 90.
13
What is the remainder when 1296 is divided by 319?
20
Calculate the remainder when 5783 is divided by 26.
11
Calculate the remainder when 345 is divided by 20.
5
What is the remainder when 634 is divided by 160?
154
Calculate the remainder when 786 is divided by 250.
36
Calculate the remainder when 694 is divided by 190.
124
What is the remainder when 516 is divided by 164?
24
What is the remainder when 8786 is divided by 29?
28
Calculate the remainder when 101 is divided by 41.
19
What is the remainder when 2 is divided by 1?
0
What is the remainder when 3943 is divided by 21?
16
What is the remainder when 644 is divided by 624?
20
What is the remainder when 4139 is divided by 46?
45
Calculate the remainder when 188 is divided by 8.
4
Calculate the remainder when 72 is divided by 4.
0
Calculate the remainder when 1221 is divided by 35.
31
Calculate the remainder when 456 is divided by 25.
6
Calculate the remainder when 277 is divided by 98.
81
What is the remainder when 127 is divided by 94?
33
What is the remainder when 391 is divided by 4?
3
What is the remainder when 153 is divided by 57?
39
What is the remainder when 442 is divided by 25?
17
What is the remainder when 2884 is divided by 37?
35
Calculate the remainder when 1370 is divided by 12.
2
What is the remainder when 248 is divided by 11?
6
Calculate the remainder when 393 is divided by 203.
190
Calculate the remainder when 589 is divided by 27.
22
Calculate the remainder when 441 is divided by 122.
75
What is the remainder when 217 is divided by 80?
57
What is the remainder when 220 is divided by 34?
16
Calculate the remainder when 571 is divided by 17.
10
What is the remainder when 584 is divided by 250?
84
Calculate the remainder when 213 is divided by 44.
37
What is the remainder when 7626 is divided by 206?
4
What is the remainder when 496 is divided by 103?
84
What is the remainder when 73 is divided by 6?
1
What is the remainder when 1284 is divided by 33?
30
What is the remainder when 15 is divided by 8?
7
Calculate the remainder when 97 is divided by 69.
28
Calculate the remainder when 178 is divided by 36.
34
Calculate the remainder when 1556 is divided by 362.
108
Calculate the remainder when 164 is divided by 73.
18
Calculate the remainder when 596 is divided by 298.
0
Calculate the remainder when 326 is divided by 33.
29
What is the remainder when 82 is divided by 4?
2
Calculate the remainder when 25 is divided by 7.
4
Calculate the remainder when 63 is divided by 25.
13
Calculate the remainder when 244 is divided by 43.
29
What is the remainder when 4812 is divided by 83?
81
What is the remainder when 256 is divided by 62?
8
What is the remainder when 478 is divided by 36?
10
What is the remainder when 3166 is divided by 12?
10
What is the remainder when 98 is divided by 43?
12
What is the remainder when 1689 is divided by 558?
15
What is the remainder when 279 is divided by 107?
65
What is the remainder when 396 is divided by 15?
6
What is the remainder when 365 is divided by 179?
7
Calculate the remainder when 522 is divided by 35.
32
What is the remainder when 271 is divided by 25?
21
Calculate the remainder when 17471 is divided by 39.
38
Calculate the remainder when 187 is divided by 12.
7
Calculate the remainder when 163 is divided by 85.
78
Calculate the remainder when 124 is divided by 37.
13
Calculate the remainder when 3347 is divided by 62.
61
Calculate the remainder when 152 is divided by 69.
14
Calculate the remainder when 224 is divided by 53.
12
What is the remainder when 1774 is divided by 102?
40
Calculate the remainder when 5486 is divided by 2.
0
What is the remainder when 5140 is divided by 1285?
0
Calculate the remainder when 271 is divided by 240.
31
What is the remainder when 13469 is divided by 30?
29
Calculate the remainder when 1822 is divided by 604.
10
Calculate the remainder when 1199 is divided by 45.
29
What is the remainder when 3266 is divided by 1623?
20
What is the remainder when 174 is divided by 20?
14
Calculate the remainder when 934 is divided by 79.
65
What is the remainder when 5947 is divided by 35?
32
Calculate the remainder when 3870 is divided by 79.
78
Calculate the remainder when 1203 is divided by 134.
131
What is the remainder when 142 is divided by 32?
14
Calculate the remainder when 367 is divided by 23.
22
What is the remainder when 381 is divided by 14?
3
Calculate the remainder when 2413 is divided by 15.
13
What is the remainder when 298 is divided by 23?
22
What is the remainder when 249 is divided by 21?
18
What is the remainder when 5878 is divided by 17?
13
Calculate the remainder when 480 is divided by 469.
11
What is the remainder when 463 is divided by 94?
87
What is the remainder when 14591 is divided by 12?
11
Calculate the remainder when 2066 is divided by 173.
163
Calculate the remainder when 816 is divided by 82.
78
Calculate the remainder when 27634 is divided by 42.
40
Calculate the remainder when 344 is divided by 255.
89
What is the remainder when 1158 is divided by 1132?
26
Calculate the remainder when 11 is divided by 5.
1
Calculate the remainder when 509 is divided by 113.
57
What is the remainder when 208 is divided by 71?
66
What is the remainder when 110 is divided by 16?
14
Calculate the remainder when 211 is divided by 21.
1
Calculate the remainder when 97 is divided by 53.
44
Ca